NOAA-Style Climate Reports


Report for 2024 February

Daily NOAA report



                            MONTHLY CLIMATOLOGICAL SUMMARY for FEB. 2024

NAME: South Bergen Weather   CITY: Wood Ridge STATE: New Jersey
ELEV: 52 LAT: 040:51:05 LONG: 0074:05:17

                            TEMPERATURE ( °F), RAIN (in.), WIND SPEED (mph)

                                               HEAT     COOL           AVG
      MEAN                                     DEG      DEG            WIND                       DOM
DAY   TEMP    HIGH   TIME     LOW    TIME      DAYS     DAYS    RAIN   SPEED    HIGH    TIME      DIR
--------------------------------------------------------------------------------------------------------
01    41.3   044.5   15:10    36.2   08:52     23.6     00.0   00.00   00.6     09.2    14:13     WNW
02    40.5   043.1   00:03    36.4   00:00     24.5     00.0   00.19   01.7     14.9    14:49     NNE
03    36.8   044.6   15:26    30.7   07:40     28.1     00.0   00.00   01.9     13.8    16:00     NNE
04    36.2   047.4   15:35    27.9   07:39     28.8     00.0   00.00   01.0     09.2    14:48     NNE
05    35.5   045.3   14:57    29.3   07:38     29.4     00.0   00.00   02.9     18.4    19:06     NNE
06    33.7   042.4   15:25    26.5   04:19     31.3     00.0   00.00   02.1     11.5    12:07     NNE
07    38.0   049.1   14:56    29.5   02:41     27.0     00.0   00.00   00.9     08.1    11:13     NNE
08    41.5   052.7   14:41    32.2   07:40     23.5     00.0   00.00   01.1     06.9    23:19     SSW
09    45.1   054.0   14:41    40.1   09:19     19.8     00.0   00.00   01.6     11.5    13:46      S 
10    49.6   059.5   14:31    39.4   04:23     15.3     00.0   00.00   00.7     09.2    16:42      W 
11    45.8   052.4   00:09    40.8   00:00     19.1     00.0   00.00   00.8     10.3    10:00     NNW
12    40.3   048.8   14:52    34.4   08:12     24.6     00.0   00.00   01.0     08.1    18:36     NNE
13    35.2   040.5   16:30    32.5   12:11     29.8     00.0   00.21   01.3     12.7    19:27     NNW
14    31.7   036.6   00:45    27.8   00:00     33.3     00.0   00.01   03.1     20.7    12:28     NNW
15    31.8   038.0   13:37    24.5   07:20     33.1     00.0   00.04   01.9     14.9    01:36     WSW
16    37.8   043.2   15:26    34.0   00:00     27.2     00.0   00.04   02.7     25.3    07:48     NNW
17    30.2   036.0   16:22    24.9   23:59     34.7     00.0   00.04   01.1     17.3    14:56     NNW
18    30.9   039.7   16:12    22.7   07:15     34.1     00.0   00.00   02.7     19.6    14:56     WNW
19    34.5   041.4   15:36    28.5   00:00     30.4     00.0   00.00   01.5     12.7    12:38     NNW
20    30.5   039.2   16:45    24.2   07:36     34.4     00.0   00.00   01.1     10.3    12:25     ESE
21    32.0   041.0   16:12    23.2   04:35     33.0     00.0   00.00   01.5     13.8    11:10      SE
22    37.3   044.0   14:53    30.5   07:27     27.6     00.0   00.07   01.9     11.5    19:29      S 
23    42.7   046.8   16:27    39.3   23:59     22.3     00.0   00.05   00.3     06.9    15:08      N 
24    37.6   043.6   15:04    26.0   00:00     27.3     00.0   00.00   01.8     13.8    14:21     NNW
25    30.0   042.0   15:31    21.1   04:45     34.9     00.0   00.00   01.6     11.5    14:52     SSW
--------------------------------------------------------------------------------------------------------
37.1 (37.6)   59.5  day 10     21.1  day 25   697.0    000.0   00.65   01.6     25.3   day 18     NNW
Min <  86: 25
Min <  23: 2
Max Rain: 0.21 ON 13-02-24
Days of Rain: 8 (> .008in) 2 (> .08in) 0 (> 0.8in)